{"id":1722,"date":"2010-02-10T22:58:52","date_gmt":"2010-02-10T21:58:52","guid":{"rendered":"http:\/\/mevme.com\/lizblog\/?page_id=1722"},"modified":"2023-09-27T22:19:45","modified_gmt":"2023-09-27T20:19:45","slug":"referenzen","status":"publish","type":"page","link":"http:\/\/mevme.com\/lizblog\/referenzen\/","title":{"rendered":"Meine Arbeiten"},"content":{"rendered":"<p><img src=\"http:\/\/foto.arcor-online.net\/palb\/alben\/73\/763473\/6463373339303531.jpg\" alt=\"Lisa Rank\" \/><\/p>\n<p>Mein Name ist Elisabeth Rank, ich schreibe. Seit September 2017 arbeite ich bei <a href=\"http:\/\/audible.de\">Audible<\/a> und betreue dort als Executive Producer Originals EU das Non-Fiction-Programm. Vorher war ich Redakteurin beim <a href=\"http:\/\/www.zeitmagazin.de\">ZEITmagazin ONLINE<\/a> und Managing Editor bei <a href=\"http:\/\/www.wired.de\">WIRED Germany<\/a>. Was ich sonst noch so gemacht habe, kann man an vielen Stellen im Internet und manchmal auf Papier sehen.<\/p>\n<p>Man kann mich f\u00fcr Lesungen, Kurzgeschichten, Artikel, Vortr\u00e4ge, Podien und anderweitige Projekte sowie gemeinn\u00fctzige Aktionen gerne anfragen. Man erreicht mich zum Beispiel unter elisabeth.rank(at)gmx.de.<\/p>\n<p>&#8211;<br \/>\nMein erster Roman &#8222;<a href=\"http:\/\/www.suhrkamp.de\/buecher\/und_im_zweifel_fuer_dich_selbst-elisabeth_rank_46143.html\">Und im Zweifel f\u00fcr dich selbst<\/a>&#8220; erschien 2010 im Suhrkamp Verlag. Mein zweiter Roman &#8222;<a href=\"http:\/\/www.berlinverlag.de\/buecher\/bist-du-noch-wach-isbn-978-3-8270-1095-7\">Bist du noch wach?<\/a>&#8220; ist im M\u00e4rz 2013 im Berlin Verlag erschienen. Termine rund um die B\u00fccher &amp; sonstige Vortr\u00e4ge finden sich am unteren Ende dieser Homepage.<\/p>\n<p>F\u00fcr ZEIT ONLINE habe ich <a href=\"https:\/\/www.zeit.de\/gesellschaft\/zeitgeschehen\/2017-06\/berlin-mitte-neukoelln-wandel-einsamkeit-heimatreporter-d17\">\u00fcber Herrn Holtei<\/a> geschrieben. Dieser Text liegt mir besonders am Herzen. Er hei\u00dft &#8222;<a href=\"https:\/\/www.zeit.de\/gesellschaft\/zeitgeschehen\/2017-06\/berlin-mitte-neukoelln-wandel-einsamkeit-heimatreporter-d17\">Einsamkeit ist ein Kopfsalat<\/a>&#8222;.<\/p>\n<p>Beitr\u00e4ge in Anthologien:<\/p>\n<p><a href=\"https:\/\/www.suhrkamp.de\/buecher\/the_bathroom_chronicles_46823.html\">The Bathroom Chronicles (Suhrkamp)<\/a> &#8211; 100 Frauen, 100 Bilder, 100 Geschichten<br \/>\n<a href=\"http:\/\/www.intel.de\/content\/www\/de\/de\/ultrabook\/ultrabook-book.html#\/130\">The Ultra Book<\/a> &#8211; Eine Ver\u00f6ffentlichung von Intel zum Thema &#8222;Globale Nomaden&#8220;<br \/>\n<a href=\"http:\/\/www.amazon.de\/gp\/product\/386265110X\/ref=as_li_tf_tl?ie=UTF8&amp;camp=1638&amp;creative=6742&amp;creativeASIN=386265110X&amp;linkCode=as2&amp;tag=elisrank-21\">In High Heels um die Welt<\/a><img loading=\"lazy\" style=\"border: none !important; margin: 0px !important;\" src=\"http:\/\/www.assoc-amazon.de\/e\/ir?t=elisrank-21&amp;l=as2&amp;o=3&amp;a=386265110X\" alt=\"\" width=\"1\" height=\"1\" border=\"0\" \/> (Schwarzkopf &amp; Schwarzkopf)<br \/>\n<a href=\"http:\/\/www.amazon.de\/gp\/product\/3518462814\/ref=as_li_ss_tl?ie=UTF8&amp;tag=elisrank-21&amp;linkCode=as2&amp;camp=1638&amp;creative=19454&amp;creativeASIN=3518462814\">Der 24. Dezember<\/a><img loading=\"lazy\" style=\"border: none !important; margin: 0px !important;\" src=\"http:\/\/www.assoc-amazon.de\/e\/ir?t=&amp;l=as2&amp;o=3&amp;a=3518462814\" alt=\"\" width=\"1\" height=\"1\" border=\"0\" \/> (Suhrkamp)<br \/>\n<a title=\"Saturday Night bei Amazon\" href=\"http:\/\/www.amazon.de\/Saturday-Night-Geschichten-J%C3%B6rn-Morisse\/dp\/349225313X\/ref=sr_1_1?ie=UTF8&amp;s=books&amp;qid=1266407252&amp;sr=8-1\">Saturday Night<\/a> (Piper)<br \/>\n<a title=\"The Gold Collection bei Amazon\" href=\"http:\/\/www.amazon.de\/Gold-Collection-Neue-Weihnachtsgeschichten\/dp\/3518459120\">The Gold Collection<\/a> (Suhrkamp)<br \/>\n<a title=\"sprach:RAUSCH bei Amazon\" href=\"http:\/\/www.amazon.de\/sprach-RAUSCH-Torsten-Woywod\/dp\/3000182365\">sprach:RAUSCH. Eine Anthologie<\/a> (Torsten Woywod Verlag)<br \/>\n<a title=\"Der 100.000 Euro Job bei Amazon\" href=\"http:\/\/www.amazon.de\/100-000-EURO-JOB-N%C3%BCtzliche-Ansichten\/dp\/3940426008\">Der 100.000 Euro Job. N\u00fctzliche und neue Ansichten zur Arbeit<\/a> (Verbrecher Verlag)<br \/>\n<a href=\"http:\/\/www.amazon.de\/Blogs-Text-Form-im-Internet\/dp\/3896026003 title=\">Blogs! Text und Form im Internet<\/a> (Schwarzkopf &amp; Schwarzkopf)<\/p>\n","protected":false},"excerpt":{"rendered":"<p>Mein Name ist Elisabeth Rank, ich schreibe. Seit September 2017 arbeite ich bei Audible und betreue dort als Executive Producer Originals EU das Non-Fiction-Programm. Vorher war ich Redakteurin beim ZEITmagazin ONLINE und Managing Editor bei WIRED Germany. Was ich sonst noch so gemacht habe, kann man an vielen Stellen im Internet und manchmal auf Papier [&hellip;]<\/p>\n","protected":false},"author":1,"featured_media":0,"parent":0,"menu_order":0,"comment_status":"open","ping_status":"open","template":"","meta":[],"_links":{"self":[{"href":"http:\/\/mevme.com\/lizblog\/wp-json\/wp\/v2\/pages\/1722"}],"collection":[{"href":"http:\/\/mevme.com\/lizblog\/wp-json\/wp\/v2\/pages"}],"about":[{"href":"http:\/\/mevme.com\/lizblog\/wp-json\/wp\/v2\/types\/page"}],"author":[{"embeddable":true,"href":"http:\/\/mevme.com\/lizblog\/wp-json\/wp\/v2\/users\/1"}],"replies":[{"embeddable":true,"href":"http:\/\/mevme.com\/lizblog\/wp-json\/wp\/v2\/comments?post=1722"}],"version-history":[{"count":51,"href":"http:\/\/mevme.com\/lizblog\/wp-json\/wp\/v2\/pages\/1722\/revisions"}],"predecessor-version":[{"id":6621,"href":"http:\/\/mevme.com\/lizblog\/wp-json\/wp\/v2\/pages\/1722\/revisions\/6621"}],"wp:attachment":[{"href":"http:\/\/mevme.com\/lizblog\/wp-json\/wp\/v2\/media?parent=1722"}],"curies":[{"name":"wp","href":"https:\/\/api.w.org\/{rel}","templated":true}]}}

<p><img src="http://foto.arcor-online.net/palb/alben/73/763473/6463373339303531.jpg" alt="Lisa Rank" /></p>
<p>Mein Name ist Elisabeth Rank, ich schreibe. Seit September 2017 arbeite ich bei <a href="http://audible.de">Audible</a> und betreue dort als Executive Producer Originals EU das Non-Fiction-Programm. Vorher war ich Redakteurin beim <a href="http://www.zeitmagazin.de">ZEITmagazin ONLINE</a> und Managing Editor bei <a href="http://www.wired.de">WIRED Germany</a>. Was ich sonst noch so gemacht habe, kann man an vielen Stellen im Internet und manchmal auf Papier sehen.</p>
<p>Man kann mich für Lesungen, Kurzgeschichten, Artikel, Vorträge, Podien und anderweitige Projekte sowie gemeinnützige Aktionen gerne anfragen. Man erreicht mich zum Beispiel unter elisabeth.rank(at)gmx.de.</p>
<p>&#8211;<br />
Mein erster Roman &#8222;<a href="http://www.suhrkamp.de/buecher/und_im_zweifel_fuer_dich_selbst-elisabeth_rank_46143.html">Und im Zweifel für dich selbst</a>&#8220; erschien 2010 im Suhrkamp Verlag. Mein zweiter Roman &#8222;<a href="http://www.berlinverlag.de/buecher/bist-du-noch-wach-isbn-978-3-8270-1095-7">Bist du noch wach?</a>&#8220; ist im März 2013 im Berlin Verlag erschienen. Termine rund um die Bücher &amp; sonstige Vorträge finden sich am unteren Ende dieser Homepage.</p>
<p>Für ZEIT ONLINE habe ich <a href="https://www.zeit.de/gesellschaft/zeitgeschehen/2017-06/berlin-mitte-neukoelln-wandel-einsamkeit-heimatreporter-d17">über Herrn Holtei</a> geschrieben. Dieser Text liegt mir besonders am Herzen. Er heißt &#8222;<a href="https://www.zeit.de/gesellschaft/zeitgeschehen/2017-06/berlin-mitte-neukoelln-wandel-einsamkeit-heimatreporter-d17">Einsamkeit ist ein Kopfsalat</a>&#8222;.</p>
<p>Beiträge in Anthologien:</p>
<p><a href="https://www.suhrkamp.de/buecher/the_bathroom_chronicles_46823.html">The Bathroom Chronicles (Suhrkamp)</a> &#8211; 100 Frauen, 100 Bilder, 100 Geschichten<br />
<a href="http://www.intel.de/content/www/de/de/ultrabook/ultrabook-book.html#/130">The Ultra Book</a> &#8211; Eine Veröffentlichung von Intel zum Thema &#8222;Globale Nomaden&#8220;<br />
<a href="http://www.amazon.de/gp/product/386265110X/ref=as_li_tf_tl?ie=UTF8&amp;camp=1638&amp;creative=6742&amp;creativeASIN=386265110X&amp;linkCode=as2&amp;tag=elisrank-21">In High Heels um die Welt</a><img loading="lazy" style="border: none !important; margin: 0px !important;" src="http://www.assoc-amazon.de/e/ir?t=elisrank-21&amp;l=as2&amp;o=3&amp;a=386265110X" alt="" width="1" height="1" border="0" /> (Schwarzkopf &amp; Schwarzkopf)<br />
<a href="http://www.amazon.de/gp/product/3518462814/ref=as_li_ss_tl?ie=UTF8&amp;tag=elisrank-21&amp;linkCode=as2&amp;camp=1638&amp;creative=19454&amp;creativeASIN=3518462814">Der 24. Dezember</a><img loading="lazy" style="border: none !important; margin: 0px !important;" src="http://www.assoc-amazon.de/e/ir?t=&amp;l=as2&amp;o=3&amp;a=3518462814" alt="" width="1" height="1" border="0" /> (Suhrkamp)<br />
<a title="Saturday Night bei Amazon" href="http://www.amazon.de/Saturday-Night-Geschichten-J%C3%B6rn-Morisse/dp/349225313X/ref=sr_1_1?ie=UTF8&amp;s=books&amp;qid=1266407252&amp;sr=8-1">Saturday Night</a> (Piper)<br />
<a title="The Gold Collection bei Amazon" href="http://www.amazon.de/Gold-Collection-Neue-Weihnachtsgeschichten/dp/3518459120">The Gold Collection</a> (Suhrkamp)<br />
<a title="sprach:RAUSCH bei Amazon" href="http://www.amazon.de/sprach-RAUSCH-Torsten-Woywod/dp/3000182365">sprach:RAUSCH. Eine Anthologie</a> (Torsten Woywod Verlag)<br />
<a title="Der 100.000 Euro Job bei Amazon" href="http://www.amazon.de/100-000-EURO-JOB-N%C3%BCtzliche-Ansichten/dp/3940426008">Der 100.000 Euro Job. Nützliche und neue Ansichten zur Arbeit</a> (Verbrecher Verlag)<br />
<a href="http://www.amazon.de/Blogs-Text-Form-im-Internet/dp/3896026003 title=">Blogs! Text und Form im Internet</a> (Schwarzkopf &amp; Schwarzkopf)</p>
